{"id":147,"date":"2017-11-16T07:13:18","date_gmt":"2017-11-16T06:13:18","guid":{"rendered":"http:\/\/findeo.wpengine.com\/?page_id=854"},"modified":"2021-01-13T12:02:28","modified_gmt":"2021-01-13T11:02:28","slug":"usporedi-nekretnine","status":"publish","type":"page","link":"https:\/\/lab.fortuno.hr\/tetra\/usporedi-nekretnine\/","title":{"rendered":"Usporedi nekretnine"},"content":{"rendered":"\r\n<div class=\"nothing-compares-2u\" >\r\n\t<section id=\"properties-not-found\" class=\"margin-bottom-50\">\r\n\t\t<h2>No properties to compare <\/h2>\r\n\t\t<p>Looks like you haven't add anything to compare yet!<\/p>\r\n\t<\/section>\r\n\t\t    <h3 class=\"desc-headline no-border margin-bottom-35 margin-top-60 print-no\">Check Other Properties<\/h3>\r\n\t     <div class=\"carousel\">\r\n\t\t\t\t                <div class=\"carousel-item\">\r\n\t\t               <!-- Listing Item -->\r\n<div class=\"listing-item\" \r\n\tdata-title=\"Vinkovci Slavija, visoka prizemnica\"\r\n\tdata-friendly-address=\"Slavija\" \r\n\tdata-address=\"Slavija\" \r\n\tdata-price=\"65.000&euro;&lt;i class=&quot;price_per_scale&quot;&gt;406&euro; \/ m\u00b2<\/i>\"\r\n\tdata-image=\"https:\/\/lab.fortuno.hr\/tetra\/wp-content\/uploads\/2021\/04\/IMG_20200312_123738-520x397.jpg\" \r\n\tdata-longitude=\"45.310132891992104\" \r\n\tdata-latitude=\"18.80208941163585\">\r\n\r\n\t<a href=\"https:\/\/lab.fortuno.hr\/tetra\/nekretnina\/vinkovci-slavija-visoka-prizemnica-2\/\" class=\"listing-img-container\">\r\n\t\t<div class=\"listing-badges\">\r\n\t\t\t<span class=\"featured\">Istaknuto<\/span>\t\t\t\t\t<\/div>\r\n\r\n\t\t<div class=\"listing-img-content\">\r\n\t\t\t<span class=\"listing-price\">65.000&euro; <i class=\"price_per_scale\"> 406&euro; \/ m\u00b2 <\/i><\/span>\r\n\t\t\t\t\t\t\t\t<span class=\"compare-button with-tip \"  data-post_id=\"434\" \r\n\t\t\t\t\t\tdata-nonce=\"841e8bbb7d\" \r\n\t\t\t\t\t\tdata-tip-content=\"Dodaj u usporedbu\"  \r\n\t\t\t\t\t\tdata-tip-adding-content=\"Adding To Compare &lt;i class=&quot;fa fa-circle-o-notch fa-spin fa-fw&quot;&gt;&lt;\/i&gt;\" \r\n\t\t\t\t\t\tdata-tip-added-content=\"Dodano za usporedbu!\"><\/span>\r\n\t\t\t\t\t\t<\/div>\r\n\t\r\n\t\t<div class=\"listing-carousel\"><div><img src=\"https:\/\/lab.fortuno.hr\/tetra\/wp-content\/uploads\/2021\/04\/IMG_20200312_124433-520x397.jpg\" alt=\"\"><\/div><div><img src=\"https:\/\/lab.fortuno.hr\/tetra\/wp-content\/uploads\/2021\/04\/IMG_20200312_124416-520x397.jpg\" alt=\"\"><\/div><div><img src=\"https:\/\/lab.fortuno.hr\/tetra\/wp-content\/uploads\/2021\/04\/IMG_20200312_124401-520x397.jpg\" alt=\"\"><\/div><\/div>\r\n\t<\/a>\r\n\t\r\n\t<div class=\"listing-content\">\r\n\r\n\t\t<div class=\"listing-title\">\r\n\t\t\t<h4><a href=\"https:\/\/lab.fortuno.hr\/tetra\/nekretnina\/vinkovci-slavija-visoka-prizemnica-2\/\">Vinkovci Slavija, visoka prizemnica<\/a><\/h4>\r\n\t\t\t<a class=\"listing-address\" href=\"https:\/\/lab.fortuno.hr\/tetra\/nekretnina\/vinkovci-slavija-visoka-prizemnica-2\/#location\"><i class=\"fa fa-map-marker\"><\/i>Slavija<\/a>\t\t\t\r\n\t\t\t<a href=\"https:\/\/lab.fortuno.hr\/tetra\/nekretnina\/vinkovci-slavija-visoka-prizemnica-2\/\" class=\"details button border\">Detalji<\/a>\r\n\t\t<\/div>\r\n\t\t<!-- Main Details -->\r\n<ul class=\"listing-details\">\r\n<li class=\"main-detail-_area\"><span>160<\/span> m\u00b2 <\/li><li class=\"main-detail-_rooms\">Soba <span>6<\/span><\/li><\/ul>\t\t\r\n\t\t\r\n\t<\/div>\r\n\r\n<\/div>\r\n<!-- Listing Item \/ End -->\t\t\t        <\/div>\r\n\t\t\t \t        <\/div>\r\n\t\t\t<\/div>\r\n\t\r\n\r\n<!-- Compare List \/ End -->\n","protected":false},"excerpt":{"rendered":"Obiteljska ku\u0107a u mirnoj ulici u vinkova\u010dkom naselju Slavija u dvije eta\u017ee, dobro odr\u017eavana i prikladna i za brojnije obitelji. U dvori\u0161tu izgra\u0111eni dodatni objekti, prostrana gara\u017ea, ljetna kuhinja, pu\u0161nica i ostave, te dva manja podrumska prostora. Ku\u0107a ima vanjsko stubi\u0161te, te ju je uz minimalna ulaganja mogu\u0107e organizirati u dva zasebna stana.","protected":false},"author":1,"featured_media":0,"parent":0,"menu_order":0,"comment_status":"closed","ping_status":"closed","template":"","meta":[],"_links":{"self":[{"href":"https:\/\/lab.fortuno.hr\/tetra\/wp-json\/wp\/v2\/pages\/147"}],"collection":[{"href":"https:\/\/lab.fortuno.hr\/tetra\/wp-json\/wp\/v2\/pages"}],"about":[{"href":"https:\/\/lab.fortuno.hr\/tetra\/wp-json\/wp\/v2\/types\/page"}],"author":[{"embeddable":true,"href":"https:\/\/lab.fortuno.hr\/tetra\/wp-json\/wp\/v2\/users\/1"}],"replies":[{"embeddable":true,"href":"https:\/\/lab.fortuno.hr\/tetra\/wp-json\/wp\/v2\/comments?post=147"}],"version-history":[{"count":1,"href":"https:\/\/lab.fortuno.hr\/tetra\/wp-json\/wp\/v2\/pages\/147\/revisions"}],"predecessor-version":[{"id":300,"href":"https:\/\/lab.fortuno.hr\/tetra\/wp-json\/wp\/v2\/pages\/147\/revisions\/300"}],"wp:attachment":[{"href":"https:\/\/lab.fortuno.hr\/tetra\/wp-json\/wp\/v2\/media?parent=147"}],"curies":[{"name":"wp","href":"https:\/\/api.w.org\/{rel}","templated":true}]}}