{"id":46,"date":"2021-08-20T13:37:04","date_gmt":"2021-08-20T11:37:04","guid":{"rendered":"https:\/\/lab.fortuno.hr\/rotary\/?page_id=46"},"modified":"2021-08-20T13:48:06","modified_gmt":"2021-08-20T11:48:06","slug":"o-nama","status":"publish","type":"page","link":"https:\/\/lab.fortuno.hr\/rotary\/o-nama\/","title":{"rendered":"O nama"},"content":{"rendered":"\n<p>Rotary klub Vinkovci 1937&nbsp;je dobrovoljna, samostalna i neprofitna udruga, ujedno i \u010dlan RI-a i \u010dlan udruge Rotary Distrikt, osnovana radi promicanja zajedni\u010dkih ciljeva svojih \u010dlanova.<\/p>\n\n\n\n<p>Inicijativa za osnivanje Rotary kluba u Vinkovcima do\u0161la je u zimu 2008 na 2009 godinu od prijatelja iz Rotary kluba Osijek koji je kasnije i bio na\u0161 kumski klub. Nekolicina prijatelja odr\u017eala je vi\u0161e sastanaka sa prijateljima iz Osijeka i me\u0111usobno, razgovaraju\u0107i pri tom o motivima, potrebi i ciljevima osnivanja Rotary kluba u Vinkovcima. I tako je stvorena jezgra osniva\u010da, a krug prijatelja se postupno \u0161irio.<\/p>\n\n\n\n<p>Osniva\u010dka skup\u0161tina je odr\u017eana 25.3.2009. u Trbu\u0161ancima (kb. 87), a u Osniva\u010dki tim su u\u0161li Vlado Bekavac, Ivo Biki\u0107, Ivan Bo\u0161kovi\u0107, Branko Bo\u017ei\u0107, Nikola Drobnjak, Martin Grgurovac, Davor Kuterovac, \u017deljko Marin, Goran Mato\u0161, Zdenko Paulenka, Adam Renduli\u0107, Bosiljko Stani\u0107 i \u017deljko \u0160ar\u010devi\u0107. &nbsp;U ime kumskog kluba Rotary klub Osijek bili su Ivan \u0110urki\u0107, Branimir Domac, Vladimir Zobund\u017eija i Nikola Biland\u017eija. Za predsjednika je izabran Zdenko Paulenka, za Tajnika Martin Grgurovac, rizni\u010dara Bosiljko Stani\u0107, klupskog majstora Goran Mato\u0161, sljede\u0107eg predsjednika Ivo Biki\u0107.<\/p>\n\n\n\n<figure class=\"wp-block-gallery columns-2 is-cropped wp-block-gallery-1 is-layout-flex wp-block-gallery-is-layout-flex\"><ul class=\"blocks-gallery-grid\"><li class=\"blocks-gallery-item\"><figure><img loading=\"lazy\" decoding=\"async\" width=\"400\" height=\"240\" src=\"https:\/\/lab.fortuno.hr\/rotary\/wp-content\/uploads\/2021\/08\/about-1.jpg\" alt=\"\" data-id=\"54\" data-full-url=\"https:\/\/lab.fortuno.hr\/rotary\/wp-content\/uploads\/2021\/08\/about-1.jpg\" data-link=\"https:\/\/lab.fortuno.hr\/rotary\/about-1\/\" class=\"wp-image-54\" srcset=\"https:\/\/lab.fortuno.hr\/rotary\/wp-content\/uploads\/2021\/08\/about-1.jpg 400w, https:\/\/lab.fortuno.hr\/rotary\/wp-content\/uploads\/2021\/08\/about-1-300x180.jpg 300w\" sizes=\"auto, (max-width: 400px) 100vw, 400px\" \/><figcaption class=\"blocks-gallery-item__caption\">Charter Rotary kluba Vinkovci 1937 \u2013 \u010clanovi Rotary kluba Vinkovci 1937 s guvernerom Peterom Krausom, 19.9.2009.<\/figcaption><\/figure><\/li><li class=\"blocks-gallery-item\"><figure><img loading=\"lazy\" decoding=\"async\" width=\"400\" height=\"240\" src=\"https:\/\/lab.fortuno.hr\/rotary\/wp-content\/uploads\/2021\/08\/about-2.jpg\" alt=\"\" data-id=\"55\" data-full-url=\"https:\/\/lab.fortuno.hr\/rotary\/wp-content\/uploads\/2021\/08\/about-2.jpg\" data-link=\"https:\/\/lab.fortuno.hr\/rotary\/about-2\/\" class=\"wp-image-55\" srcset=\"https:\/\/lab.fortuno.hr\/rotary\/wp-content\/uploads\/2021\/08\/about-2.jpg 400w, https:\/\/lab.fortuno.hr\/rotary\/wp-content\/uploads\/2021\/08\/about-2-300x180.jpg 300w\" sizes=\"auto, (max-width: 400px) 100vw, 400px\" \/><\/figure><\/li><\/ul><\/figure>\n\n\n\n<p>Rotary klub Vinkovci 1937 prepoznatljiv je po svom humanitarnom radu kako kroz slu\u017eenje profesijom u sredini u kojoj \u017eivimo i radimo, tako i u uva\u017eavanju potreba mladih i organiziranju brojnih predavanja, kulturnih, znanstvenih, gospodarskih i sportskih dru\u017eenja.<\/p>\n\n\n\n<p>Danas, nakon trinaestogodi\u0161njeg djelovanja u kontinuitetu imamo 26 \u010dlanova, a uz me\u0111usobne kontakte i prijateljstva koja ostvarujemo, stojimo na raspolaganju zajednici u kojoj \u017eivimo promoviraju\u0107i kriterij izvrsnosti, miroljubivost i filantropiju.<\/p>\n","protected":false},"excerpt":{"rendered":"<p>Rotary klub Vinkovci 1937&nbsp;je dobrovoljna, samostalna i neprofitna udruga, ujedno i \u010dlan RI-a i \u010dlan udruge Rotary Distrikt, osnovana radi promicanja zajedni\u010dkih ciljeva svojih \u010dlanova. Inicijativa za osnivanje Rotary kluba u Vinkovcima do\u0161la je u zimu 2008 na 2009 godinu od prijatelja iz Rotary kluba Osijek koji je kasnije i bio na\u0161 kumski klub. Nekolicina [&hellip;]<\/p>\n","protected":false},"author":1,"featured_media":0,"parent":0,"menu_order":0,"comment_status":"closed","ping_status":"closed","template":"","meta":{"footnotes":""},"class_list":["post-46","page","type-page","status-publish","hentry"],"_links":{"self":[{"href":"https:\/\/lab.fortuno.hr\/rotary\/wp-json\/wp\/v2\/pages\/46","targetHints":{"allow":["GET"]}}],"collection":[{"href":"https:\/\/lab.fortuno.hr\/rotary\/wp-json\/wp\/v2\/pages"}],"about":[{"href":"https:\/\/lab.fortuno.hr\/rotary\/wp-json\/wp\/v2\/types\/page"}],"author":[{"embeddable":true,"href":"https:\/\/lab.fortuno.hr\/rotary\/wp-json\/wp\/v2\/users\/1"}],"replies":[{"embeddable":true,"href":"https:\/\/lab.fortuno.hr\/rotary\/wp-json\/wp\/v2\/comments?post=46"}],"version-history":[{"count":4,"href":"https:\/\/lab.fortuno.hr\/rotary\/wp-json\/wp\/v2\/pages\/46\/revisions"}],"predecessor-version":[{"id":58,"href":"https:\/\/lab.fortuno.hr\/rotary\/wp-json\/wp\/v2\/pages\/46\/revisions\/58"}],"wp:attachment":[{"href":"https:\/\/lab.fortuno.hr\/rotary\/wp-json\/wp\/v2\/media?parent=46"}],"curies":[{"name":"wp","href":"https:\/\/api.w.org\/{rel}","templated":true}]}}