{"id":59,"date":"2021-06-14T14:12:53","date_gmt":"2021-06-14T12:12:53","guid":{"rendered":"https:\/\/lab.fortuno.hr\/eurotenda\/?page_id=59"},"modified":"2021-06-24T10:43:55","modified_gmt":"2021-06-24T08:43:55","slug":"o-nama","status":"publish","type":"page","link":"https:\/\/lab.fortuno.hr\/eurotenda\/o-nama\/","title":{"rendered":"O nama"},"content":{"rendered":"<section class=\"l-section wpb_row us_custom_156fe5e6 height_medium with_overlay\"><div class=\"l-section-overlay\" style=\"background: #28166F\"><\/div><div class=\"l-section-h i-cf\"><div class=\"g-cols vc_row type_default valign_top\"><div class=\"vc_col-sm-12 wpb_column vc_column_container\"><div class=\"vc_column-inner\"><div class=\"wpb_wrapper\"><h2 class=\"w-post-elm post_title us_custom_6df4bc3a align_center entry-title color_link_inherit has_text_color\">O nama<\/h2><\/div><\/div><\/div><\/div><\/div><\/section><section class=\"l-section wpb_row height_medium\"><div class=\"l-section-h i-cf\"><div class=\"g-cols vc_row type_default valign_top\"><div class=\"vc_col-sm-12 wpb_column vc_column_container\"><div class=\"vc_column-inner\"><div class=\"wpb_wrapper\"><div class=\"wpb_text_column\" ><div class=\"wpb_wrapper\"><p>Eurotenda d.o.o. kao porodi\u010dno zasnovana tvrtka uspje\u0161no posluje punih 25 godina.<\/p>\n<p>Bit i razliku \u010dini pristup radu i svakom pojedinom kupcu na obiteljski na\u010din; kako unutar firme u radnim timovima u proizvodnji i monta\u017eama, tako i u koordinaciji svih naizgled odvojenih procesa proizvodnje u formiranju najkvalitetnijeg proizvoda, pristup kupcu kao dobrodo\u0161lom i dragom gostu koji zaslu\u017euje i dobiva ono najbolje \u0161to mo\u017eemo ponuditi.<br \/>\nKao Slavonci, i ne znamo druga\u010dije!<\/p>\n<p>U samim temeljima poslovanja i smjernicama pristupa tr\u017ei\u0161tu i kupcima oduvijek su kvaliteta, pouzdanost u na\u0161e proizvode i vrhunska usluga predstavljale bit onoga \u0161to Eurotenda izdvaja kao dobrog partnera.<br \/>\nU vlastitim proizvodnim prostorima i razli\u010ditim odjelima koristimo komponente i materijale najboljih europskih proizvo\u0111a\u010da koji formiraju trendove i jam\u010de kvalitetu.<\/p>\n<p>Individualnim pristupom, stru\u010dno\u0161\u0107u i iskustvom radnici Eurotende svakom kupcu mogu personalizirati \u017eeljeni proizvod i u\u010diniti ga kako trajno funkcionalnim, tako i ukrasom Va\u0161eg doma.<\/p>\n<p>Odabir velikih poduze\u0107a za Eurotendu kao vi\u0161edesetljetnog partnera za sve vrste proizvoda za za\u0161titu od sunca na cjelokupnom podru\u010dju Republike Hrvatske i tijekom cijele godine daje nam priliku na isto tako kvalitetan na\u010din prezentirati i plasirati na\u0161e proizvode doma\u0107instvima, manjim poslovnim prostorima i<\/p>\n<p>U vremenskom tijeku poslovanja poduze\u0107a uz proizvodno nu\u017ene i poslovno bazi\u010dne dijelove proizvodnje uvijek pratimo nove trendove i nove proizvode, a posebno mo\u017eemo istaknuti proizvodnju i ugradnju pergolastih tendi i ugradnju panoramskih kliznih stijena od kaljenog stakla u dimenzijama i obliku u cijelosti zahtijevanom od strane kupca.<\/p>\n<p>Na kraju na\u0161eg kratkog predstavljanja moramo se nakratko vratiti u na\u0161u 25-godi\u0161nju povijest i zahvaliti svim na\u0161im poslovnim prijateljima i partnerima na povjerenju, ustrajnosti i svim napornim ali plodotvornim projektima i uspjesima koje smo polu\u010dili zajedni\u010dki.<\/p>\n<p>Uvjereni smo kako \u0107emo i u narednom razdoblju, u dobrim i te\u017eim razdobljima poslovanja biti Va\u0161 najbolji odabir, te pouzdan i odgovoran partner.<\/p>\n<\/div><\/div><\/div><\/div><\/div><\/div><\/div><\/section>\n","protected":false},"excerpt":{"rendered":"O namaEurotenda d.o.o. kao porodi\u010dno zasnovana tvrtka uspje\u0161no posluje punih 25 godina. Bit i razliku \u010dini pristup radu i svakom pojedinom kupcu na obiteljski na\u010din; kako unutar firme u radnim timovima u proizvodnji i monta\u017eama, tako i u koordinaciji svih naizgled odvojenih procesa proizvodnje u formiranju najkvalitetnijeg proizvoda, pristup kupcu kao dobrodo\u0161lom i dragom gostu...","protected":false},"author":1,"featured_media":0,"parent":0,"menu_order":0,"comment_status":"closed","ping_status":"closed","template":"","meta":{"footnotes":""},"class_list":["post-59","page","type-page","status-publish","hentry"],"_links":{"self":[{"href":"https:\/\/lab.fortuno.hr\/eurotenda\/wp-json\/wp\/v2\/pages\/59","targetHints":{"allow":["GET"]}}],"collection":[{"href":"https:\/\/lab.fortuno.hr\/eurotenda\/wp-json\/wp\/v2\/pages"}],"about":[{"href":"https:\/\/lab.fortuno.hr\/eurotenda\/wp-json\/wp\/v2\/types\/page"}],"author":[{"embeddable":true,"href":"https:\/\/lab.fortuno.hr\/eurotenda\/wp-json\/wp\/v2\/users\/1"}],"replies":[{"embeddable":true,"href":"https:\/\/lab.fortuno.hr\/eurotenda\/wp-json\/wp\/v2\/comments?post=59"}],"version-history":[{"count":4,"href":"https:\/\/lab.fortuno.hr\/eurotenda\/wp-json\/wp\/v2\/pages\/59\/revisions"}],"predecessor-version":[{"id":209,"href":"https:\/\/lab.fortuno.hr\/eurotenda\/wp-json\/wp\/v2\/pages\/59\/revisions\/209"}],"wp:attachment":[{"href":"https:\/\/lab.fortuno.hr\/eurotenda\/wp-json\/wp\/v2\/media?parent=59"}],"curies":[{"name":"wp","href":"https:\/\/api.w.org\/{rel}","templated":true}]}}